(-8)/((-112)/(-2023))?
8
Let i = -30 - -34. Suppose i*a = 7*a - 300. What is the hundreds digit of a?
1
Let j(v) = v - 24. Let z be j(14). What is the tens digit of 2*58 - z/(5/(-1))?
1
Suppose 3509 - 28583 = -21*m. What is the tens digit of m?
9
Let q = 33 - 31. Suppose -q*j = 3*g - 17 - 41, -2*j + 5*g = -42. What is the units digit of j?
6
Let y be 120/(-30) + 18/2. Suppose 540 = y*r - 15. What is the units digit of r?
1
Suppose -q + 3*q + 8 = 0. Suppose 22 = 4*l - 26. What is the tens digit of q + 3/(l/56)?
1
Let j = -195 - -123. Let f = -6 - j. What is the tens digit of f?
6
Suppose 64*p = 67*p - 447. What is the tens digit of p?
4
Suppose 3*s + 9 = 0, -3*f - 11*s + 9*s + 2403 = 0. What is the hundreds digit of f?
8
Let f(d) be the first derivative of -21*d**2/2 + 7. Let n be f(-4). Suppose -n = -6*s + 4*s. What is the units digit of s?
2
Suppose 6*d = 515 + 763. Suppose 392 = 5*c - d. What is the units digit of c?
1
Suppose 21 = 3*m + 4*m. Suppose -o = -m*i - 211, -6*i + 186 = o - 4*i. What is the tens digit of o?
9
Let z(t) = 77*t + 14. Let g(y) = -116*y - 21. Let l(d) = -5*g(d) - 7*z(d). Let v be l(4). Suppose -7*i + 4*i = -v. What is the tens digit of i?
5
Let x(i) = -i**2 + 92*i + 351. What is the tens digit of x(50)?
5
Let t(q) = -2 - q**3 - 3*q + 6*q**2 + q - 6*q**2 - 2*q**2. What is the units digit of t(-3)?
3
Suppose -15*c = -20*c + 2*u + 1873, c + 4*u = 379. What is the hundreds digit of c?
3
Suppose 11*r - 12192 = -21*r. What is the hundreds digit of r?
3
Let q(r) = -r**3 - 5*r**2 + 2*r + 11. Let f be q(-6). Suppose -3*v = 2*d - 73, -3*d = -v - d + f. What is the tens digit of v?
2
Let x(r) = -86*r**3 - 3*r**2 - 5*r - 19. What is the hundreds digit of x(-3)?
2
Let m = -15 + 34. Let x(f) = f**2 + 2*f - 3. Let y be x(-4). Suppose b - 105 = -y*a - 2*b, a = -b + m. What is the units digit of a?
4
Suppose 4*z + 3 - 11 = 0. Let h be 9/(-12)*96/(-18). Let v = h - z. What is the units digit of v?
2
Let x(a) = 5*a**2 + 7*a + 5. Let s be x(-4). Suppose -4*h = 5*z - 315, s = z - 3*h + 5*h. What is the tens digit of z?
6
Let a(w) = -w**3 - 7*w**2 - 3*w - 1. Let g be a(-7). Let b = -24 + 14. Let r = b + g. What is the tens digit of r?
1
Let f(w) = -w**2 + 8*w - 12. Let v be f(7). What is the units digit of (-2)/v - (-33)/5?
7
Let c(p) = 32*p + 2. Let j(t) = -2*t - 13. Let a be j(-5). Let g be c(a). Let l = 143 + g. What is the units digit of l?
9
Let m = 123 - 103. Suppose -3*l = -4*l - 9. Let v = l + m. What is the tens digit of v?
1
Let v(l) = l**2 + l + 1. Let d(q) = -q**3 + 7*q + 1. Let u(m) = -d(m) + 4*v(m). Suppose 13*f - 9*f + 16 = 0. What is the tens digit of u(f)?
1
Suppose 0 = p - 7 + 24. Let z = p + 19. Suppose -4*g - 5*q + 43 = 0, 0 = 2*g - z*q - 5 - 3. What is the units digit of g?
7
Suppose 0 = -4*k + 5*h + 2395, 1278 = 4*k - 3*h - 1111. What is the tens digit of k?
9
Let z = 738 - 497. What is the hundreds digit of z?
2
Let v(x) = -2 - 3*x**2 + 2*x**2 + 13. Let y be v(0). Let l(c) = 2*c - 5. What is the tens digit of l(y)?
1
What is the tens digit of 64256/24 - -5 - 8/6?
8
Suppose 4*v = -0*j + j + 4, -4*v = 5*j - 4. Let x = 70 - 45. Let k = v + x. What is the tens digit of k?
2
Suppose 0 = -5*h + 44 - 24, 2*j = -4*h + 2226. What is the thousands digit of j?
1
Let z = 351 - 172. What is the units digit of z?
9
Let w(m) = 2*m**3 - 4*m**2 + 4*m + 32. What is the tens digit of w(8)?
3
What is the tens digit of (76/(-3))/(16/(-24))?
3
Let y be 20/(-2)*(-2)/(-4). Let v be -2*3/6*y. What is the tens digit of ((0 - v) + 1)*-6?
2
Let d(p) = 2*p**3 + p**2 - 4. Let t be d(3). Let z = 99 - t. What is the tens digit of z?
4
Suppose -2*n + n = 5*r + 104, r - 3*n = -8. Suppose 3*m + 1 = 3*i + 4, 2*i + 3*m = -2. Let s = i - r. What is the tens digit of s?
1
Let c(h) = -h**3 + 9*h**2 + 13*h. Suppose 0 = -2*n + 3*n + 1. Let y(x) = 10*x**2 + x + 1. Let f be y(n). What is the units digit of c(f)?
0
Let b(w) = -3*w**2. Suppose 2*i + 0*i = 4. Let q be b(i). What is the tens digit of -3 - -3 - q - 2?
1
Let o(z) be the second derivative of -z**5/20 + 5*z**4/6 + 11*z**3/6 + z**2 + 4*z. Let n be o(11). What is the units digit of 3 - -10 - 4/n?
1
Let u be (-20)/(-6) + 4/(-12). Suppose 0*t + 2*t = 4*i - 58, 4*t = u*i - 91. Let r = t + 44. What is the units digit of r?
5
Let d(g) = -6*g**2 + g + 1. Let k be d(-1). Let y(w) = -w**2 - 8*w - 3. Let s be y(k). Suppose -3*n + 18 = -s. What is the units digit of n?
9
Let o = -20 - -2567. What is the tens digit of o?
4
Let b(g) = -g**3 - 5*g**2 + g - 2. Suppose 0 = -n + 3 - 1. Suppose -s - n = 4. What is the tens digit of b(s)?
2
Suppose -74*b = -70*b - 12. Let o(a) = a**2 - a - 2. Let q be o(6). Let w = q + b. What is the tens digit of w?
3
Suppose -22*l + 276 = -16*l. Let g = l + 246. What is the tens digit of g?
9
Suppose 2*c = 2*t + 15 + 1, 12 = -t + 5*c. Let s = t - -30. What is the units digit of s?
3
Let i(g) = 3 + 0*g + 6 - g. Suppose 4*j + 7 = 4*p - 1, j + 2 = 2*p. What is the units digit of i(p)?
9
Let r = -62 + 84. What is the tens digit of (11/r)/((-3)/(-174))?
2
Let w(i) = i**2 + 5. Let j be w(0). Let m = j + 21. Suppose -2*f = -m - 2. What is the tens digit of f?
1
Let n = 1100 + -712. What is the tens digit of n?
8
Let p(i) = i**2 - 8*i + 4. Let w be p(8). Let c = w + 17. Suppose -2*h + 27 = 5*g, -5*g = -3*h - 1 - c. What is the units digit of g?
5
Suppose -9 = 2*g + 21. Let m be (-4)/(-10) - 24/g. Suppose 4*u + 8*r - 3*r = 83, -5*r = -m*u + 79. What is the tens digit of u?
2
Let b be (-3)/4*(-136)/51. Suppose b*v = -5*f + 58, -6*f + 3*v = -3*f - 18. What is the tens digit of f?
1
Let y(t) = -t**3 + 2*t**2 + 21*t + 91. What is the tens digit of y(-8)?
6
Let s be 52/65*15/2. Suppose 2*y + s = 0, -j + 4 - 1 = -y. Suppose 4*c + j*c = 56. What is the tens digit of c?
1
Let y = 44 - 40. Suppose 0 = -b - y*q + 54, 2*q + 151 = 3*b + 3*q. What is the units digit of b?
0
Let a be 1292/(-5) - 12/20. What is the tens digit of (a/14)/((-1)/2)?
3
Let q(w) = 2*w**3 - 9*w**2 + 15*w. Let a be q(7). Suppose 0 = -5*g - m + a, 5*g - 2*m - 294 = g. What is the units digit of g?
1
Let f be 9/6*1 - 21/(-6). Let v be 1/(-4) + (-603)/(-12). Suppose 0 = f*h - 0*h - v. What is the units digit of h?
0
Suppose 4*f - 28 = 4*n, 3 = -f + 5. Let v(c) = -c**3 - 16*c**2 - 14*c + 11. Let j be v(-15). Let m = j - n. What is the units digit of m?
1
Let c(y) = -16*y - 1. Let h(n) = n + 1. Let b(f) = c(f) - 6*h(f). Suppose -16*d = -17*d - 2. What is the tens digit of b(d)?
3
Let o(g) = -2*g + 4. Let x be o(3). Let h be -11 - (-1)/(x/(-2)). Let n = 5 - h. What is the tens digit of n?
1
Let u(k) = -k**3 - 9*k**2 - 4*k - 5. Let w be u(-8). Let n be 474/2*2/6. Let d = w + n. What is the units digit of d?
2
Let x(h) = 2*h**2 - 4*h - 4. Let n be x(-6). Let v = -19 + n. What is the units digit of v?
3
Suppose 7*d = -173 - 310. Let p = d + 106. What is the tens digit of p?
3
Suppose 2 = 5*r - 43. Let c be (-3)/(-3 + 0) - -16. Let p = c - r. What is the units digit of p?
8
Let t be 2/(3 + 0 - 2). Suppose -3*z + 4*r + 108 = 0, -t*r - 102 = -2*z - 30. What is the units digit of z?
6
Let k = -7 - -12. Let x(q) = q**3 + 14*q**2 + 12*q + 9. Let o be x(-13). Suppose k*j = o + 83. What is the units digit of j?
1
Let w(c) = 2 - 1 + 0 - 6 + 7*c. Let d be w(6). Suppose -5*i + d - 2 = 0. What is the units digit of i?
7
Suppose 0*l + 484 = -4*l. Let b = l + 254. What is the units digit of b?
3
Let d be (-66)/(-14) + (-4)/(-14). Suppose -5*h + j - 26 = 0, 4*j + 11 = -d. What is the units digit of (-59)/(-4) + h/8?
4
Let l(g) = -g**2 - 9*g - 4. Let v be l(-7). Let a(j) = j**2 + 10*j - 8. What is the units digit of a(v)?
2
Let p be (55/(-10) - (-1)/(-2)) + 2. Suppose -2*i + 5*z + 102 = 0, 2*z + 139 = 3*i - 2*z. What is the units digit of (i + -1)*(-2)/p?
0
What is the units digit of 3/(((-27)/(-1718))/9)?
8
Let z = 2886 - 1501. What is the tens digit of z?
8
Let i(u) = 63*u + 28. Let r be i(-4). What is the tens digit of 9/3 - (r/1 - -3)?
2
Let s be (-6)/((8/(-6))/((-14)/(-21))). What is the units digit of (5/(-3))/((-10)/s + 3)?
5
Suppose r + 0*r + 5*c + 3 = 0, -4*c + 6 = 5*r. Let h = 3 + r. Suppose 2*k = h*t - 12, 0 = 4*t - k - 6 - 3. What is the units digit of t?
2
Let c = 48 - 46. What is the tens digit of -2*(218/(-4) - c)?
1
Let r = -544 + 1220. Wh